{"id":14,"date":"2022-02-06T08:54:10","date_gmt":"2022-02-06T08:54:10","guid":{"rendered":"https:\/\/gruene-kreistag-rnk.de\/?page_id=14"},"modified":"2022-10-22T19:30:32","modified_gmt":"2022-10-22T18:30:32","slug":"gruene-infos","status":"publish","type":"page","link":"https:\/\/gruene-kreistag-rnk.de\/index.php\/gruene-infos\/","title":{"rendered":"Gr\u00fcne Infos"},"content":{"rendered":"\n<div style=\"height:40px\" aria-hidden=\"true\" class=\"wp-block-spacer\"><\/div>\n\n\n\n<h1 class=\"wp-block-heading\">        Gr\u00fcne Infos   <\/h1>\n\n\n\n<div style=\"height:40px\" aria-hidden=\"true\" class=\"wp-block-spacer\"><\/div>\n\n\n\n<div class=\"wp-block-columns is-layout-flex wp-container-core-columns-is-layout-9d6595d7 wp-block-columns-is-layout-flex\">\n<div class=\"wp-block-column is-layout-flow wp-block-column-is-layout-flow\" style=\"flex-basis:66.66%\">\n<ul class=\"wp-block-list\"><li><a href=\"https:\/\/gruene-kreistag-rnk.de\/wp-content\/uploads\/2022\/03\/Gaspipeline-20211117.pdf\">Eine neue Gaspipeline quer durch S\u00fcddeutschland?<\/a> Die Gr\u00fcne Kreistagsfraktion zur SEL <\/li><li><a href=\"https:\/\/gruene-kreistag-rnk.de\/wp-content\/uploads\/2022\/03\/Exkursion_zum_Windpark_Greiner_Eck_20200808.pdf\" target=\"_blank\" rel=\"noreferrer noopener\">Exkursion zum Windpark Greiner Eck<\/a>: Ein Windpark gleich ums Eck<\/li><li><a href=\"https:\/\/gruene-kreistag-rnk.de\/wp-content\/uploads\/2022\/03\/Abstand_halten_20200805.pdf\">Abstand halten<\/a>: Keine Zusammenarbeit mit der AfD! <\/li><li><a href=\"https:\/\/gruene-kreistag-rnk.de\/wp-content\/uploads\/2022\/03\/RNK-Gruene-Newsletter-Klimaschutz-20200607.pdf\">RNK Gruene Newsletter Klimaschutz<\/a><\/li><li><a href=\"https:\/\/gruene-kreistag-rnk.de\/wp-content\/uploads\/2022\/03\/Bericht-Exkursion-Kuelz-20200229.pdf\">Bericht Exkursion Kuelz 29.02.2020<\/a>: Ein Besuch im Landkreis der Energiewende-Pioniere aus dem Rhein-Hunsr\u00fcck-Kreis<\/li><li><a href=\"https:\/\/gruene-kreistag-rnk.de\/wp-content\/uploads\/2022\/03\/Bericht-Infoabend_AfD_Watch_20200213.pdf\" target=\"_blank\" rel=\"noreferrer noopener\">Bericht Infoabend AfD Watch 13.02.2020<\/a>: Wir machen uns kundig: Mit was f\u00fcr Leuten sitzen wir da im Rat? <\/li><li><a href=\"https:\/\/www.youtube.com\/watch?v=n2ZTHJJ7_0U\">Vortrag &#8222;Weiter so im Wald?&#8220;<\/a> \u00fcber Waldbewirtschaftung und Klimawandel von Victor Gei\u00dfler, 24.2.2022<\/li><\/ul>\n<\/div>\n\n\n\n<div class=\"wp-block-column gruene_rnk_seitenleiste_hintergrund is-layout-flow wp-block-column-is-layout-flow\" style=\"flex-basis:33.33%\">\n<div style=\"height:15px\" aria-hidden=\"true\" class=\"wp-block-spacer\"><\/div>\n\n\n\n<pre class=\"wp-block-preformatted\"><a href=\"https:\/\/gruene-kreistag-rnk.de\/index.php\/abgeordnete\/\" rel=\"nofollow\">Abgeordnete<\/a><\/pre>\n\n\n\n<pre class=\"wp-block-preformatted\"><a href=\"https:\/\/gruene-kreistag-rnk.de\/index.php\/andere-einheiten-von-buendnis-90-die-gruenen\/\">Andere Einheiten von B\u00fcndnis 90\/Die Gr\u00fcnen<\/a><\/pre>\n\n\n\n<pre class=\"wp-block-preformatted\"><a href=\"https:\/\/gruene-kreistag-rnk.de\/index.php\/grundsatzprogramm-wahlprogramme-koalitionsvertraege\/\">Grundsatzprogramm, Wahlprogramme, Koalitionsvertr\u00e4ge<\/a><\/pre>\n\n\n\n<pre class=\"wp-block-preformatted\"><a href=\"https:\/\/gruene-kreistag-rnk.de\/index.php\/nahestehende-organisationen\/\">Nahestehende Organisationen<\/a>\n<\/pre>\n\n\n\n<figure class=\"wp-block-image size-full\"><img loading=\"lazy\" decoding=\"async\" width=\"225\" height=\"317\" src=\"https:\/\/gruene-kreistag-rnk.de\/wp-content\/uploads\/2022\/04\/Plakat_Klimaschutz_ohne_Grenzen.png\" alt=\"&quot;Klimaschutz kennt keine Grenzen&quot; Plakat zur Europawahl\" class=\"wp-image-1005\" srcset=\"https:\/\/gruene-kreistag-rnk.de\/wp-content\/uploads\/2022\/04\/Plakat_Klimaschutz_ohne_Grenzen.png 225w, https:\/\/gruene-kreistag-rnk.de\/wp-content\/uploads\/2022\/04\/Plakat_Klimaschutz_ohne_Grenzen-213x300.png 213w\" sizes=\"auto, (max-width: 225px) 100vw, 225px\" \/><\/figure>\n\n\n<ul class=\"wp-block-categories-list wp-block-categories\">\t<li class=\"cat-item cat-item-6\"><a href=\"https:\/\/gruene-kreistag-rnk.de\/index.php\/category\/aktuelles\/\">Aktuelles<\/a> (6)\n<\/li>\n\t<li class=\"cat-item cat-item-5\"><a href=\"https:\/\/gruene-kreistag-rnk.de\/index.php\/category\/energie\/\">Energie<\/a> (3)\n<\/li>\n\t<li class=\"cat-item cat-item-7\"><a href=\"https:\/\/gruene-kreistag-rnk.de\/index.php\/category\/landespolitik\/\">Landespolitik<\/a> (1)\n<\/li>\n\t<li class=\"cat-item cat-item-1\"><a href=\"https:\/\/gruene-kreistag-rnk.de\/index.php\/category\/uncategorized\/\">Sonstiges<\/a> (70)\n<\/li>\n<\/ul>\n\n\n<ul class=\"wp-block-social-links aligncenter is-content-justification-space-between is-layout-flex wp-container-core-social-links-is-layout-3d213aab wp-block-social-links-is-layout-flex\"><li class=\"wp-social-link wp-social-link-facebook  wp-block-social-link\"><a rel=\"noopener nofollow\" target=\"_blank\" href=\"https:\/\/www.facebook.com\/GrueneFraktionKreistagRheinNeckar\" class=\"wp-block-social-link-anchor\"><svg width=\"24\" height=\"24\" viewBox=\"0 0 24 24\" version=\"1.1\" xmlns=\"http:\/\/www.w3.org\/2000\/svg\" aria-hidden=\"true\" focusable=\"false\"><path d=\"M12 2C6.5 2 2 6.5 2 12c0 5 3.7 9.1 8.4 9.9v-7H7.9V12h2.5V9.8c0-2.5 1.5-3.9 3.8-3.9 1.1 0 2.2.2 2.2.2v2.5h-1.3c-1.2 0-1.6.8-1.6 1.6V12h2.8l-.4 2.9h-2.3v7C18.3 21.1 22 17 22 12c0-5.5-4.5-10-10-10z\"><\/path><\/svg><span class=\"wp-block-social-link-label screen-reader-text\">Facebook<\/span><\/a><\/li>\n\n<li class=\"wp-social-link wp-social-link-instagram  wp-block-social-link\"><a rel=\"noopener nofollow\" target=\"_blank\" href=\"https:\/\/www.instagram.com\/gruene_rhein_neckar_kreistag\/\" class=\"wp-block-social-link-anchor\"><svg width=\"24\" height=\"24\" viewBox=\"0 0 24 24\" version=\"1.1\" xmlns=\"http:\/\/www.w3.org\/2000\/svg\" aria-hidden=\"true\" focusable=\"false\"><path d=\"M12,4.622c2.403,0,2.688,0.009,3.637,0.052c0.877,0.04,1.354,0.187,1.671,0.31c0.42,0.163,0.72,0.358,1.035,0.673 c0.315,0.315,0.51,0.615,0.673,1.035c0.123,0.317,0.27,0.794,0.31,1.671c0.043,0.949,0.052,1.234,0.052,3.637 s-0.009,2.688-0.052,3.637c-0.04,0.877-0.187,1.354-0.31,1.671c-0.163,0.42-0.358,0.72-0.673,1.035 c-0.315,0.315-0.615,0.51-1.035,0.673c-0.317,0.123-0.794,0.27-1.671,0.31c-0.949,0.043-1.233,0.052-3.637,0.052 s-2.688-0.009-3.637-0.052c-0.877-0.04-1.354-0.187-1.671-0.31c-0.42-0.163-0.72-0.358-1.035-0.673 c-0.315-0.315-0.51-0.615-0.673-1.035c-0.123-0.317-0.27-0.794-0.31-1.671C4.631,14.688,4.622,14.403,4.622,12 s0.009-2.688,0.052-3.637c0.04-0.877,0.187-1.354,0.31-1.671c0.163-0.42,0.358-0.72,0.673-1.035 c0.315-0.315,0.615-0.51,1.035-0.673c0.317-0.123,0.794-0.27,1.671-0.31C9.312,4.631,9.597,4.622,12,4.622 M12,3 C9.556,3,9.249,3.01,8.289,3.054C7.331,3.098,6.677,3.25,6.105,3.472C5.513,3.702,5.011,4.01,4.511,4.511 c-0.5,0.5-0.808,1.002-1.038,1.594C3.25,6.677,3.098,7.331,3.054,8.289C3.01,9.249,3,9.556,3,12c0,2.444,0.01,2.751,0.054,3.711 c0.044,0.958,0.196,1.612,0.418,2.185c0.23,0.592,0.538,1.094,1.038,1.594c0.5,0.5,1.002,0.808,1.594,1.038 c0.572,0.222,1.227,0.375,2.185,0.418C9.249,20.99,9.556,21,12,21s2.751-0.01,3.711-0.054c0.958-0.044,1.612-0.196,2.185-0.418 c0.592-0.23,1.094-0.538,1.594-1.038c0.5-0.5,0.808-1.002,1.038-1.594c0.222-0.572,0.375-1.227,0.418-2.185 C20.99,14.751,21,14.444,21,12s-0.01-2.751-0.054-3.711c-0.044-0.958-0.196-1.612-0.418-2.185c-0.23-0.592-0.538-1.094-1.038-1.594 c-0.5-0.5-1.002-0.808-1.594-1.038c-0.572-0.222-1.227-0.375-2.185-0.418C14.751,3.01,14.444,3,12,3L12,3z M12,7.378 c-2.552,0-4.622,2.069-4.622,4.622S9.448,16.622,12,16.622s4.622-2.069,4.622-4.622S14.552,7.378,12,7.378z M12,15 c-1.657,0-3-1.343-3-3s1.343-3,3-3s3,1.343,3,3S13.657,15,12,15z M16.804,6.116c-0.596,0-1.08,0.484-1.08,1.08 s0.484,1.08,1.08,1.08c0.596,0,1.08-0.484,1.08-1.08S17.401,6.116,16.804,6.116z\"><\/path><\/svg><span class=\"wp-block-social-link-label screen-reader-text\">Instagramm<\/span><\/a><\/li><\/ul>\n<\/div>\n<\/div>\n\n\n\n<div style=\"height:40px\" aria-hidden=\"true\" class=\"wp-block-spacer\"><\/div>\n","protected":false},"excerpt":{"rendered":"<p>Gr\u00fcne Infos Eine neue Gaspipeline quer durch S\u00fcddeutschland? Die Gr\u00fcne Kreistagsfraktion zur SEL Exkursion zum Windpark Greiner Eck: Ein Windpark gleich ums Eck Abstand halten: Keine Zusammenarbeit mit der AfD! [&hellip;]<\/p>\n","protected":false},"author":1,"featured_media":0,"parent":0,"menu_order":0,"comment_status":"closed","ping_status":"closed","template":"","meta":{"footnotes":""},"class_list":["post-14","page","type-page","status-publish","hentry"],"yoast_head":"<!-- This site is optimized with the Yoast SEO plugin v27.5 - https:\/\/yoast.com\/product\/yoast-seo-wordpress\/ -->\n<title>Gr\u00fcne Infos - Gr\u00fcne Kreistagsfraktion Rhein-Neckar<\/title>\n<meta name=\"robots\" content=\"index, follow, max-snippet:-1, max-image-preview:large, max-video-preview:-1\" \/>\n<link rel=\"canonical\" href=\"https:\/\/gruene-kreistag-rnk.de\/index.php\/gruene-infos\/\" \/>\n<meta property=\"og:locale\" content=\"de_DE\" \/>\n<meta property=\"og:type\" content=\"article\" \/>\n<meta property=\"og:title\" content=\"Gr\u00fcne Infos - Gr\u00fcne Kreistagsfraktion Rhein-Neckar\" \/>\n<meta property=\"og:description\" content=\"Gr\u00fcne Infos Eine neue Gaspipeline quer durch S\u00fcddeutschland? Die Gr\u00fcne Kreistagsfraktion zur SEL Exkursion zum Windpark Greiner Eck: Ein Windpark gleich ums Eck Abstand halten: Keine Zusammenarbeit mit der AfD! [&hellip;]\" \/>\n<meta property=\"og:url\" content=\"https:\/\/gruene-kreistag-rnk.de\/index.php\/gruene-infos\/\" \/>\n<meta property=\"og:site_name\" content=\"Gr\u00fcne Kreistagsfraktion Rhein-Neckar\" \/>\n<meta property=\"article:modified_time\" content=\"2022-10-22T18:30:32+00:00\" \/>\n<meta name=\"twitter:card\" content=\"summary_large_image\" \/>\n<meta name=\"twitter:label1\" content=\"Gesch\u00e4tzte Lesezeit\" \/>\n\t<meta name=\"twitter:data1\" content=\"1\u00a0Minute\" \/>\n<script type=\"application\/ld+json\" class=\"yoast-schema-graph\">{\"@context\":\"https:\\\/\\\/schema.org\",\"@graph\":[{\"@type\":\"WebPage\",\"@id\":\"https:\\\/\\\/gruene-kreistag-rnk.de\\\/index.php\\\/gruene-infos\\\/\",\"url\":\"https:\\\/\\\/gruene-kreistag-rnk.de\\\/index.php\\\/gruene-infos\\\/\",\"name\":\"Gr\u00fcne Infos - Gr\u00fcne Kreistagsfraktion Rhein-Neckar\",\"isPartOf\":{\"@id\":\"https:\\\/\\\/gruene-kreistag-rnk.de\\\/#website\"},\"datePublished\":\"2022-02-06T08:54:10+00:00\",\"dateModified\":\"2022-10-22T18:30:32+00:00\",\"breadcrumb\":{\"@id\":\"https:\\\/\\\/gruene-kreistag-rnk.de\\\/index.php\\\/gruene-infos\\\/#breadcrumb\"},\"inLanguage\":\"de\",\"potentialAction\":[{\"@type\":\"ReadAction\",\"target\":[\"https:\\\/\\\/gruene-kreistag-rnk.de\\\/index.php\\\/gruene-infos\\\/\"]}]},{\"@type\":\"BreadcrumbList\",\"@id\":\"https:\\\/\\\/gruene-kreistag-rnk.de\\\/index.php\\\/gruene-infos\\\/#breadcrumb\",\"itemListElement\":[{\"@type\":\"ListItem\",\"position\":1,\"name\":\"Startseite\",\"item\":\"https:\\\/\\\/gruene-kreistag-rnk.de\\\/\"},{\"@type\":\"ListItem\",\"position\":2,\"name\":\"Gr\u00fcne Infos\"}]},{\"@type\":\"WebSite\",\"@id\":\"https:\\\/\\\/gruene-kreistag-rnk.de\\\/#website\",\"url\":\"https:\\\/\\\/gruene-kreistag-rnk.de\\\/\",\"name\":\"Gr\u00fcne Kreistagsfraktion Rhein-Neckar\",\"description\":\"\",\"potentialAction\":[{\"@type\":\"SearchAction\",\"target\":{\"@type\":\"EntryPoint\",\"urlTemplate\":\"https:\\\/\\\/gruene-kreistag-rnk.de\\\/?s={search_term_string}\"},\"query-input\":{\"@type\":\"PropertyValueSpecification\",\"valueRequired\":true,\"valueName\":\"search_term_string\"}}],\"inLanguage\":\"de\"}]}<\/script>\n<!-- \/ Yoast SEO plugin. -->","yoast_head_json":{"title":"Gr\u00fcne Infos - Gr\u00fcne Kreistagsfraktion Rhein-Neckar","robots":{"index":"index","follow":"follow","max-snippet":"max-snippet:-1","max-image-preview":"max-image-preview:large","max-video-preview":"max-video-preview:-1"},"canonical":"https:\/\/gruene-kreistag-rnk.de\/index.php\/gruene-infos\/","og_locale":"de_DE","og_type":"article","og_title":"Gr\u00fcne Infos - Gr\u00fcne Kreistagsfraktion Rhein-Neckar","og_description":"Gr\u00fcne Infos Eine neue Gaspipeline quer durch S\u00fcddeutschland? Die Gr\u00fcne Kreistagsfraktion zur SEL Exkursion zum Windpark Greiner Eck: Ein Windpark gleich ums Eck Abstand halten: Keine Zusammenarbeit mit der AfD! [&hellip;]","og_url":"https:\/\/gruene-kreistag-rnk.de\/index.php\/gruene-infos\/","og_site_name":"Gr\u00fcne Kreistagsfraktion Rhein-Neckar","article_modified_time":"2022-10-22T18:30:32+00:00","twitter_card":"summary_large_image","twitter_misc":{"Gesch\u00e4tzte Lesezeit":"1\u00a0Minute"},"schema":{"@context":"https:\/\/schema.org","@graph":[{"@type":"WebPage","@id":"https:\/\/gruene-kreistag-rnk.de\/index.php\/gruene-infos\/","url":"https:\/\/gruene-kreistag-rnk.de\/index.php\/gruene-infos\/","name":"Gr\u00fcne Infos - Gr\u00fcne Kreistagsfraktion Rhein-Neckar","isPartOf":{"@id":"https:\/\/gruene-kreistag-rnk.de\/#website"},"datePublished":"2022-02-06T08:54:10+00:00","dateModified":"2022-10-22T18:30:32+00:00","breadcrumb":{"@id":"https:\/\/gruene-kreistag-rnk.de\/index.php\/gruene-infos\/#breadcrumb"},"inLanguage":"de","potentialAction":[{"@type":"ReadAction","target":["https:\/\/gruene-kreistag-rnk.de\/index.php\/gruene-infos\/"]}]},{"@type":"BreadcrumbList","@id":"https:\/\/gruene-kreistag-rnk.de\/index.php\/gruene-infos\/#breadcrumb","itemListElement":[{"@type":"ListItem","position":1,"name":"Startseite","item":"https:\/\/gruene-kreistag-rnk.de\/"},{"@type":"ListItem","position":2,"name":"Gr\u00fcne Infos"}]},{"@type":"WebSite","@id":"https:\/\/gruene-kreistag-rnk.de\/#website","url":"https:\/\/gruene-kreistag-rnk.de\/","name":"Gr\u00fcne Kreistagsfraktion Rhein-Neckar","description":"","potentialAction":[{"@type":"SearchAction","target":{"@type":"EntryPoint","urlTemplate":"https:\/\/gruene-kreistag-rnk.de\/?s={search_term_string}"},"query-input":{"@type":"PropertyValueSpecification","valueRequired":true,"valueName":"search_term_string"}}],"inLanguage":"de"}]}},"_links":{"self":[{"href":"https:\/\/gruene-kreistag-rnk.de\/index.php\/wp-json\/wp\/v2\/pages\/14","targetHints":{"allow":["GET"]}}],"collection":[{"href":"https:\/\/gruene-kreistag-rnk.de\/index.php\/wp-json\/wp\/v2\/pages"}],"about":[{"href":"https:\/\/gruene-kreistag-rnk.de\/index.php\/wp-json\/wp\/v2\/types\/page"}],"author":[{"embeddable":true,"href":"https:\/\/gruene-kreistag-rnk.de\/index.php\/wp-json\/wp\/v2\/users\/1"}],"replies":[{"embeddable":true,"href":"https:\/\/gruene-kreistag-rnk.de\/index.php\/wp-json\/wp\/v2\/comments?post=14"}],"version-history":[{"count":22,"href":"https:\/\/gruene-kreistag-rnk.de\/index.php\/wp-json\/wp\/v2\/pages\/14\/revisions"}],"predecessor-version":[{"id":1453,"href":"https:\/\/gruene-kreistag-rnk.de\/index.php\/wp-json\/wp\/v2\/pages\/14\/revisions\/1453"}],"wp:attachment":[{"href":"https:\/\/gruene-kreistag-rnk.de\/index.php\/wp-json\/wp\/v2\/media?parent=14"}],"curies":[{"name":"wp","href":"https:\/\/api.w.org\/{rel}","templated":true}]}}