{"id":481,"date":"2022-02-06T12:38:17","date_gmt":"2022-02-06T12:38:17","guid":{"rendered":"https:\/\/gruene-kreistag-rnk.de\/?page_id=481"},"modified":"2025-07-30T22:16:58","modified_gmt":"2025-07-30T21:16:58","slug":"wilfried-weisbrod","status":"publish","type":"page","link":"https:\/\/gruene-kreistag-rnk.de\/index.php\/wilfried-weisbrod\/","title":{"rendered":"Wilfried Weisbrod"},"content":{"rendered":"\n<div class=\"wp-block-media-text alignwide is-stacked-on-mobile\"><figure class=\"wp-block-media-text__media\"><img loading=\"lazy\" decoding=\"async\" width=\"243\" height=\"300\" src=\"https:\/\/gruene-kreistag-rnk.de\/wp-content\/uploads\/2022\/02\/Wilf._Weisbrod.jpg\" alt=\"\" class=\"wp-image-431 size-full\"\/><\/figure><div class=\"wp-block-media-text__content\">\n<p>Name: Wilfried Weisbrod<\/p>\n\n\n\n<p>Geburtsjahr: 1957<\/p>\n\n\n\n<p>Kontakt: Karlstr. 22, 69190 Walldorf, Tel. 06227-3099924, w.weisbrod@gmx.de<\/p>\n\n\n\n<p>Ausbildung\/Beruf: Fernmeldeelektroniker, Studium Jura und Sozialarbeit, besch\u00e4ftigt beim Landratsamt des Neckar-Odenwald-Kreises, freigestellter Personalratsvorsitzender<\/p>\n\n\n\n<p>Wahlkreis&nbsp;Walldorf-St. Leon-Rot<\/p>\n\n\n\n<p><strong>Funktionen\/Mitgliedschaften\/\u00c4mter im Kreistag:<\/strong><\/p>\n\n\n\n<ul class=\"wp-block-list\">\n<li>im Kreistag seit 2009<\/li>\n\n\n\n<li>stellvertretender Frakionsvorsitzender<\/li>\n\n\n\n<li>Verwaltungs- und Finanzausschuss<\/li>\n\n\n\n<li>Ausschuss f\u00fcr Soziales<\/li>\n\n\n\n<li>Jugendhilfeausschuss<\/li>\n\n\n\n<li>stellvertretendes Mitglied im Ausschuss f\u00fcr Umwelt, Verkehr und Wirtschaft<\/li>\n\n\n\n<li>stellvertretendes Mitglied im Ausschuss f\u00fcr Schulen, Kultur und Sport<\/li>\n\n\n\n<li>Aufsichtsrat Stift Sunnisheim gGmbH<\/li>\n\n\n\n<li>Verwaltungsrat AVR Kommunal A\u00f6R <\/li>\n<\/ul>\n\n\n\n<p><strong>Weitere \u00c4mter\/politisch und ehrenamtlich:<\/strong><\/p>\n\n\n\n<ul class=\"wp-block-list\">\n<li> Fraktionsvorsitzender\u00a0und Gesch\u00e4ftsf\u00fchrer der Fraktion B\u00fcndnis 90\/Die Gr\u00fcnen im Verband Region Rhein-Neckar (Metropolregion)<\/li>\n\n\n\n<li>Gemeinderat und Fraktionsvorsitzender B\u00fcndnis 90\/Die Gr\u00fcnen Walldorf<\/li>\n\n\n\n<li>Vorstandsmitglied der Gr\u00fcn-Alternativen in den R\u00e4ten Baden-W\u00fcrttemberg, gr\u00fcne kommunalpolitische Vereinigung<br><\/li>\n\n\n\n<li>Mitglied der Astorstiftung Walldorf, dort auch im gesch\u00e4ftsf\u00fchrenden Vorstand<\/li>\n\n\n\n<li>Aufsichtsrat bei den Stadtwerken Walldorf \u00a0<\/li>\n<\/ul>\n\n\n\n<p><strong>Bei der Gewerkschaft Ver.di:<\/strong><\/p>\n\n\n\n<ul class=\"wp-block-list\">\n<li>Mitglied des Gewerkschaftsrates von Ver.di, dort auch im Haushalts- und Finanzausschuss<\/li>\n\n\n\n<li>Vorsitzender ver.di Bezirk Heilbronn-Neckar-Franken, Fachbereich (FB) Gemeinden<\/li>\n\n\n\n<li>Vorsitzender der Fachgruppe Allgemeine Kommunalverwaltung, FB Gemeinden, ver.di Baden-W\u00fcrttemberg<\/li>\n\n\n\n<li>Vorsitzender der Fachgruppe Allgemeine Kommunalverwaltung, FB Gemeinden, ver.di Bund<\/li>\n\n\n\n<li>Mitglied im Bundesfachbereichsvorstand ver.di, FB Gemeinden \u00a0<\/li>\n<\/ul>\n\n\n\n<p>Mitglied bei GewerkschaftsGr\u00fcn &nbsp;<\/p>\n\n\n\n<p>Ehrenamtlicher Richter am Arbeitsgericht Mannheim<\/p>\n<\/div><\/div>\n","protected":false},"excerpt":{"rendered":"","protected":false},"author":1,"featured_media":0,"parent":0,"menu_order":0,"comment_status":"closed","ping_status":"closed","template":"","meta":{"footnotes":""},"class_list":["post-481","page","type-page","status-publish","hentry"],"yoast_head":"<!-- This site is optimized with the Yoast SEO plugin v27.2 - https:\/\/yoast.com\/product\/yoast-seo-wordpress\/ -->\n<title>Wilfried Weisbrod - Gr\u00fcne Kreistagsfraktion Rhein-Neckar<\/title>\n<meta name=\"robots\" content=\"index, follow, max-snippet:-1, max-image-preview:large, max-video-preview:-1\" \/>\n<link rel=\"canonical\" href=\"https:\/\/gruene-kreistag-rnk.de\/index.php\/wilfried-weisbrod\/\" \/>\n<meta property=\"og:locale\" content=\"de_DE\" \/>\n<meta property=\"og:type\" content=\"article\" \/>\n<meta property=\"og:title\" content=\"Wilfried Weisbrod - Gr\u00fcne Kreistagsfraktion Rhein-Neckar\" \/>\n<meta property=\"og:url\" content=\"https:\/\/gruene-kreistag-rnk.de\/index.php\/wilfried-weisbrod\/\" \/>\n<meta property=\"og:site_name\" content=\"Gr\u00fcne Kreistagsfraktion Rhein-Neckar\" \/>\n<meta property=\"article:modified_time\" content=\"2025-07-30T21:16:58+00:00\" \/>\n<meta property=\"og:image\" content=\"https:\/\/gruene-kreistag-rnk.de\/wp-content\/uploads\/2022\/02\/Wilf._Weisbrod.jpg\" \/>\n\t<meta property=\"og:image:width\" content=\"243\" \/>\n\t<meta property=\"og:image:height\" content=\"300\" \/>\n\t<meta property=\"og:image:type\" content=\"image\/jpeg\" \/>\n<meta name=\"twitter:card\" content=\"summary_large_image\" \/>\n<meta name=\"twitter:label1\" content=\"Gesch\u00e4tzte Lesezeit\" \/>\n\t<meta name=\"twitter:data1\" content=\"2\u00a0Minuten\" \/>\n<script type=\"application\/ld+json\" class=\"yoast-schema-graph\">{\"@context\":\"https:\/\/schema.org\",\"@graph\":[{\"@type\":\"WebPage\",\"@id\":\"https:\/\/gruene-kreistag-rnk.de\/index.php\/wilfried-weisbrod\/\",\"url\":\"https:\/\/gruene-kreistag-rnk.de\/index.php\/wilfried-weisbrod\/\",\"name\":\"Wilfried Weisbrod - Gr\u00fcne Kreistagsfraktion Rhein-Neckar\",\"isPartOf\":{\"@id\":\"https:\/\/gruene-kreistag-rnk.de\/#website\"},\"primaryImageOfPage\":{\"@id\":\"https:\/\/gruene-kreistag-rnk.de\/index.php\/wilfried-weisbrod\/#primaryimage\"},\"image\":{\"@id\":\"https:\/\/gruene-kreistag-rnk.de\/index.php\/wilfried-weisbrod\/#primaryimage\"},\"thumbnailUrl\":\"https:\/\/gruene-kreistag-rnk.de\/wp-content\/uploads\/2022\/02\/Wilf._Weisbrod.jpg\",\"datePublished\":\"2022-02-06T12:38:17+00:00\",\"dateModified\":\"2025-07-30T21:16:58+00:00\",\"breadcrumb\":{\"@id\":\"https:\/\/gruene-kreistag-rnk.de\/index.php\/wilfried-weisbrod\/#breadcrumb\"},\"inLanguage\":\"de\",\"potentialAction\":[{\"@type\":\"ReadAction\",\"target\":[\"https:\/\/gruene-kreistag-rnk.de\/index.php\/wilfried-weisbrod\/\"]}]},{\"@type\":\"ImageObject\",\"inLanguage\":\"de\",\"@id\":\"https:\/\/gruene-kreistag-rnk.de\/index.php\/wilfried-weisbrod\/#primaryimage\",\"url\":\"https:\/\/gruene-kreistag-rnk.de\/wp-content\/uploads\/2022\/02\/Wilf._Weisbrod.jpg\",\"contentUrl\":\"https:\/\/gruene-kreistag-rnk.de\/wp-content\/uploads\/2022\/02\/Wilf._Weisbrod.jpg\",\"width\":243,\"height\":300},{\"@type\":\"BreadcrumbList\",\"@id\":\"https:\/\/gruene-kreistag-rnk.de\/index.php\/wilfried-weisbrod\/#breadcrumb\",\"itemListElement\":[{\"@type\":\"ListItem\",\"position\":1,\"name\":\"Startseite\",\"item\":\"https:\/\/gruene-kreistag-rnk.de\/\"},{\"@type\":\"ListItem\",\"position\":2,\"name\":\"Wilfried Weisbrod\"}]},{\"@type\":\"WebSite\",\"@id\":\"https:\/\/gruene-kreistag-rnk.de\/#website\",\"url\":\"https:\/\/gruene-kreistag-rnk.de\/\",\"name\":\"Gr\u00fcne Kreistagsfraktion Rhein-Neckar\",\"description\":\"\",\"potentialAction\":[{\"@type\":\"SearchAction\",\"target\":{\"@type\":\"EntryPoint\",\"urlTemplate\":\"https:\/\/gruene-kreistag-rnk.de\/?s={search_term_string}\"},\"query-input\":{\"@type\":\"PropertyValueSpecification\",\"valueRequired\":true,\"valueName\":\"search_term_string\"}}],\"inLanguage\":\"de\"}]}<\/script>\n<!-- \/ Yoast SEO plugin. -->","yoast_head_json":{"title":"Wilfried Weisbrod - Gr\u00fcne Kreistagsfraktion Rhein-Neckar","robots":{"index":"index","follow":"follow","max-snippet":"max-snippet:-1","max-image-preview":"max-image-preview:large","max-video-preview":"max-video-preview:-1"},"canonical":"https:\/\/gruene-kreistag-rnk.de\/index.php\/wilfried-weisbrod\/","og_locale":"de_DE","og_type":"article","og_title":"Wilfried Weisbrod - Gr\u00fcne Kreistagsfraktion Rhein-Neckar","og_url":"https:\/\/gruene-kreistag-rnk.de\/index.php\/wilfried-weisbrod\/","og_site_name":"Gr\u00fcne Kreistagsfraktion Rhein-Neckar","article_modified_time":"2025-07-30T21:16:58+00:00","og_image":[{"width":243,"height":300,"url":"https:\/\/gruene-kreistag-rnk.de\/wp-content\/uploads\/2022\/02\/Wilf._Weisbrod.jpg","type":"image\/jpeg"}],"twitter_card":"summary_large_image","twitter_misc":{"Gesch\u00e4tzte Lesezeit":"2\u00a0Minuten"},"schema":{"@context":"https:\/\/schema.org","@graph":[{"@type":"WebPage","@id":"https:\/\/gruene-kreistag-rnk.de\/index.php\/wilfried-weisbrod\/","url":"https:\/\/gruene-kreistag-rnk.de\/index.php\/wilfried-weisbrod\/","name":"Wilfried Weisbrod - Gr\u00fcne Kreistagsfraktion Rhein-Neckar","isPartOf":{"@id":"https:\/\/gruene-kreistag-rnk.de\/#website"},"primaryImageOfPage":{"@id":"https:\/\/gruene-kreistag-rnk.de\/index.php\/wilfried-weisbrod\/#primaryimage"},"image":{"@id":"https:\/\/gruene-kreistag-rnk.de\/index.php\/wilfried-weisbrod\/#primaryimage"},"thumbnailUrl":"https:\/\/gruene-kreistag-rnk.de\/wp-content\/uploads\/2022\/02\/Wilf._Weisbrod.jpg","datePublished":"2022-02-06T12:38:17+00:00","dateModified":"2025-07-30T21:16:58+00:00","breadcrumb":{"@id":"https:\/\/gruene-kreistag-rnk.de\/index.php\/wilfried-weisbrod\/#breadcrumb"},"inLanguage":"de","potentialAction":[{"@type":"ReadAction","target":["https:\/\/gruene-kreistag-rnk.de\/index.php\/wilfried-weisbrod\/"]}]},{"@type":"ImageObject","inLanguage":"de","@id":"https:\/\/gruene-kreistag-rnk.de\/index.php\/wilfried-weisbrod\/#primaryimage","url":"https:\/\/gruene-kreistag-rnk.de\/wp-content\/uploads\/2022\/02\/Wilf._Weisbrod.jpg","contentUrl":"https:\/\/gruene-kreistag-rnk.de\/wp-content\/uploads\/2022\/02\/Wilf._Weisbrod.jpg","width":243,"height":300},{"@type":"BreadcrumbList","@id":"https:\/\/gruene-kreistag-rnk.de\/index.php\/wilfried-weisbrod\/#breadcrumb","itemListElement":[{"@type":"ListItem","position":1,"name":"Startseite","item":"https:\/\/gruene-kreistag-rnk.de\/"},{"@type":"ListItem","position":2,"name":"Wilfried Weisbrod"}]},{"@type":"WebSite","@id":"https:\/\/gruene-kreistag-rnk.de\/#website","url":"https:\/\/gruene-kreistag-rnk.de\/","name":"Gr\u00fcne Kreistagsfraktion Rhein-Neckar","description":"","potentialAction":[{"@type":"SearchAction","target":{"@type":"EntryPoint","urlTemplate":"https:\/\/gruene-kreistag-rnk.de\/?s={search_term_string}"},"query-input":{"@type":"PropertyValueSpecification","valueRequired":true,"valueName":"search_term_string"}}],"inLanguage":"de"}]}},"_links":{"self":[{"href":"https:\/\/gruene-kreistag-rnk.de\/index.php\/wp-json\/wp\/v2\/pages\/481","targetHints":{"allow":["GET"]}}],"collection":[{"href":"https:\/\/gruene-kreistag-rnk.de\/index.php\/wp-json\/wp\/v2\/pages"}],"about":[{"href":"https:\/\/gruene-kreistag-rnk.de\/index.php\/wp-json\/wp\/v2\/types\/page"}],"author":[{"embeddable":true,"href":"https:\/\/gruene-kreistag-rnk.de\/index.php\/wp-json\/wp\/v2\/users\/1"}],"replies":[{"embeddable":true,"href":"https:\/\/gruene-kreistag-rnk.de\/index.php\/wp-json\/wp\/v2\/comments?post=481"}],"version-history":[{"count":6,"href":"https:\/\/gruene-kreistag-rnk.de\/index.php\/wp-json\/wp\/v2\/pages\/481\/revisions"}],"predecessor-version":[{"id":2159,"href":"https:\/\/gruene-kreistag-rnk.de\/index.php\/wp-json\/wp\/v2\/pages\/481\/revisions\/2159"}],"wp:attachment":[{"href":"https:\/\/gruene-kreistag-rnk.de\/index.php\/wp-json\/wp\/v2\/media?parent=481"}],"curies":[{"name":"wp","href":"https:\/\/api.w.org\/{rel}","templated":true}]}}

<div class="wp-block-media-text alignwide is-stacked-on-mobile"><figure class="wp-block-media-text__media"><img loading="lazy" decoding="async" width="243" height="300" src="https://gruene-kreistag-rnk.de/wp-content/uploads/2022/02/Wilf._Weisbrod.jpg" alt="" class="wp-image-431 size-full"/></figure><div class="wp-block-media-text__content">
<p>Name: Wilfried Weisbrod</p>



<p>Geburtsjahr: 1957</p>



<p>Kontakt: Karlstr. 22, 69190 Walldorf, Tel. 06227-3099924, w.weisbrod@gmx.de</p>



<p>Ausbildung/Beruf: Fernmeldeelektroniker, Studium Jura und Sozialarbeit, beschäftigt beim Landratsamt des Neckar-Odenwald-Kreises, freigestellter Personalratsvorsitzender</p>



<p>Wahlkreis&nbsp;Walldorf-St. Leon-Rot</p>



<p><strong>Funktionen/Mitgliedschaften/Ämter im Kreistag:</strong></p>



<ul class="wp-block-list">
<li>im Kreistag seit 2009</li>



<li>stellvertretender Frakionsvorsitzender</li>



<li>Verwaltungs- und Finanzausschuss</li>



<li>Ausschuss für Soziales</li>



<li>Jugendhilfeausschuss</li>



<li>stellvertretendes Mitglied im Ausschuss für Umwelt, Verkehr und Wirtschaft</li>



<li>stellvertretendes Mitglied im Ausschuss für Schulen, Kultur und Sport</li>



<li>Aufsichtsrat Stift Sunnisheim gGmbH</li>



<li>Verwaltungsrat AVR Kommunal AöR </li>
</ul>



<p><strong>Weitere Ämter/politisch und ehrenamtlich:</strong></p>



<ul class="wp-block-list">
<li> Fraktionsvorsitzender und Geschäftsführer der Fraktion Bündnis 90/Die Grünen im Verband Region Rhein-Neckar (Metropolregion)</li>



<li>Gemeinderat und Fraktionsvorsitzender Bündnis 90/Die Grünen Walldorf</li>



<li>Vorstandsmitglied der Grün-Alternativen in den Räten Baden-Württemberg, grüne kommunalpolitische Vereinigung<br></li>



<li>Mitglied der Astorstiftung Walldorf, dort auch im geschäftsführenden Vorstand</li>



<li>Aufsichtsrat bei den Stadtwerken Walldorf  </li>
</ul>



<p><strong>Bei der Gewerkschaft Ver.di:</strong></p>



<ul class="wp-block-list">
<li>Mitglied des Gewerkschaftsrates von Ver.di, dort auch im Haushalts- und Finanzausschuss</li>



<li>Vorsitzender ver.di Bezirk Heilbronn-Neckar-Franken, Fachbereich (FB) Gemeinden</li>



<li>Vorsitzender der Fachgruppe Allgemeine Kommunalverwaltung, FB Gemeinden, ver.di Baden-Württemberg</li>



<li>Vorsitzender der Fachgruppe Allgemeine Kommunalverwaltung, FB Gemeinden, ver.di Bund</li>



<li>Mitglied im Bundesfachbereichsvorstand ver.di, FB Gemeinden  </li>
</ul>



<p>Mitglied bei GewerkschaftsGrün &nbsp;</p>



<p>Ehrenamtlicher Richter am Arbeitsgericht Mannheim</p>
</div></div>

<!-- This site is optimized with the Yoast SEO plugin v27.2 - https://yoast.com/product/yoast-seo-wordpress/ -->
<title>Wilfried Weisbrod - Grüne Kreistagsfraktion Rhein-Neckar</title>
<meta name="robots" content="index, follow, max-snippet:-1, max-image-preview:large, max-video-preview:-1" />
<link rel="canonical" href="https://gruene-kreistag-rnk.de/index.php/wilfried-weisbrod/" />
<meta property="og:locale" content="de_DE" />
<meta property="og:type" content="article" />
<meta property="og:title" content="Wilfried Weisbrod - Grüne Kreistagsfraktion Rhein-Neckar" />
<meta property="og:url" content="https://gruene-kreistag-rnk.de/index.php/wilfried-weisbrod/" />
<meta property="og:site_name" content="Grüne Kreistagsfraktion Rhein-Neckar" />
<meta property="article:modified_time" content="2025-07-30T21:16:58+00:00" />
<meta property="og:image" content="https://gruene-kreistag-rnk.de/wp-content/uploads/2022/02/Wilf._Weisbrod.jpg" />
	<meta property="og:image:width" content="243" />
	<meta property="og:image:height" content="300" />
	<meta property="og:image:type" content="image/jpeg" />
<meta name="twitter:card" content="summary_large_image" />
<meta name="twitter:label1" content="Geschätzte Lesezeit" />
	<meta name="twitter:data1" content="2 Minuten" />
<script type="application/ld+json" class="yoast-schema-graph">{"@context":"https://schema.org","@graph":[{"@type":"WebPage","@id":"https://gruene-kreistag-rnk.de/index.php/wilfried-weisbrod/","url":"https://gruene-kreistag-rnk.de/index.php/wilfried-weisbrod/","name":"Wilfried Weisbrod - Grüne Kreistagsfraktion Rhein-Neckar","isPartOf":{"@id":"https://gruene-kreistag-rnk.de/#website"},"primaryImageOfPage":{"@id":"https://gruene-kreistag-rnk.de/index.php/wilfried-weisbrod/#primaryimage"},"image":{"@id":"https://gruene-kreistag-rnk.de/index.php/wilfried-weisbrod/#primaryimage"},"thumbnailUrl":"https://gruene-kreistag-rnk.de/wp-content/uploads/2022/02/Wilf._Weisbrod.jpg","datePublished":"2022-02-06T12:38:17+00:00","dateModified":"2025-07-30T21:16:58+00:00","breadcrumb":{"@id":"https://gruene-kreistag-rnk.de/index.php/wilfried-weisbrod/#breadcrumb"},"inLanguage":"de","potentialAction":[{"@type":"ReadAction","target":["https://gruene-kreistag-rnk.de/index.php/wilfried-weisbrod/"]}]},{"@type":"ImageObject","inLanguage":"de","@id":"https://gruene-kreistag-rnk.de/index.php/wilfried-weisbrod/#primaryimage","url":"https://gruene-kreistag-rnk.de/wp-content/uploads/2022/02/Wilf._Weisbrod.jpg","contentUrl":"https://gruene-kreistag-rnk.de/wp-content/uploads/2022/02/Wilf._Weisbrod.jpg","width":243,"height":300},{"@type":"BreadcrumbList","@id":"https://gruene-kreistag-rnk.de/index.php/wilfried-weisbrod/#breadcrumb","itemListElement":[{"@type":"ListItem","position":1,"name":"Startseite","item":"https://gruene-kreistag-rnk.de/"},{"@type":"ListItem","position":2,"name":"Wilfried Weisbrod"}]},{"@type":"WebSite","@id":"https://gruene-kreistag-rnk.de/#website","url":"https://gruene-kreistag-rnk.de/","name":"Grüne Kreistagsfraktion Rhein-Neckar","description":"","potentialAction":[{"@type":"SearchAction","target":{"@type":"EntryPoint","urlTemplate":"https://gruene-kreistag-rnk.de/?s={search_term_string}"},"query-input":{"@type":"PropertyValueSpecification","valueRequired":true,"valueName":"search_term_string"}}],"inLanguage":"de"}]}</script>
<!-- / Yoast SEO plugin. -->

Wilfried Weisbrod - Grüne Kreistagsfraktion Rhein-Neckar

Grüne Kreistagsfraktion Rhein-Neckar
