{"id":549,"date":"2022-02-06T17:38:40","date_gmt":"2022-02-06T16:38:40","guid":{"rendered":"https:\/\/gruene-kreistag-rnk.de\/?page_id=549"},"modified":"2026-02-13T21:09:06","modified_gmt":"2026-02-13T20:09:06","slug":"datenschutz","status":"publish","type":"page","link":"https:\/\/gruene-kreistag-rnk.de\/index.php\/datenschutz\/","title":{"rendered":"Datenschutz"},"content":{"rendered":"\n<h2 class=\"wp-block-heading\" id=\"datenschutzerklarung\">Datenschutzerkl\u00e4rung<\/h2>\n\n\n\n<p>Der Schutz Ihrer pers\u00f6nlichen Daten ist uns ein besonderes Anliegen. Wir verarbeiten Ihre Daten daher ausschlie\u00dflich auf Grundlage der gesetzlichen Bestimmungen (DSGVO, BDSG). In diesen Datenschutzinformationen informieren wir Sie \u00fcber die wichtigsten Aspekte der Datenverarbeitung im Rahmen unserer Website. Der Information k\u00f6nnen Sie auch entnehmen, welche Rechte Sie in puncto Datenschutz haben.<\/p>\n\n\n\n<p>Da durch neue Technologien und die st\u00e4ndige Weiterentwicklung dieser Webseite \u00c4nderungen an dieser Datenschutzerkl\u00e4rung vorgenommen werden k\u00f6nnen, empfehlen wir Ihnen sich die Datenschutzerkl\u00e4rung in regelm\u00e4\u00dfigen Abst\u00e4nden durchzulesen. Definitionen von verwendeten Begriffen finden Sie in Art. 4 DSGVO.<\/p>\n\n\n\n<h4 class=\"wp-block-heading\" id=\"verantwortlich\">Verantwortlich<\/h4>\n\n\n\n<p>ist der Betreiber der Website.<br>Sie erreichen uns unter folgenden Kontaktdaten:<\/p>\n\n\n\n<p><br>KT-Fraktion Gr\u00fcne<br>Ralf Fr\u00fchwirt<br>E-Mail: <a href=\"#\" data-unscramble=\"ed.triwheurf-flar@noitkarfsgatsierk\" target=\"_blank\" rel=\"noreferrer noopener\">kreistagsfraktion@ralf-fruehwirt.de<\/a><br><\/p>\n\n\n\n<h4 class=\"wp-block-heading\" id=\"datenloschung-und-speicherung\">Datenl\u00f6schung und Speicherung<\/h4>\n\n\n\n<p>Ihre personenbezogenen Daten werden gel\u00f6scht oder gesperrt, sobald der Zweck der<br>Speicherung entf\u00e4llt. Eine l\u00e4ngere Speicherung kann dann erfolgen, wenn der L\u00f6schung eine<br>gesetzliche Aufbewahrungsfrist z.B. aus der Abgabenordnung oder dem HGB entgegensteht.<br>Eine Weitergabe an Dritte erfolgt nicht.<\/p>\n\n\n\n<h4 class=\"wp-block-heading\" id=\"server-log-dateien\">Server log-Dateien<\/h4>\n\n\n\n<p>Durch den Zugriff auf unsere Website werden durch Ihren Internetbrowser Daten \u00fcbermittelt und in Protokolldateien gespeichert.<br><\/p>\n\n\n\n<p>Folgende Daten werden gespeichert:<\/p>\n\n\n\n<ul class=\"wp-block-list\">\n<li>Datum und Uhrzeit des Zugriffs auf eine Website;<\/li>\n\n\n\n<li>IP-Adresse Ihres Ger\u00e4tes (PC, Tablet, Handy &#8230;);<\/li>\n\n\n\n<li>Name und URL der abgerufenen Datei;<\/li>\n\n\n\n<li>\u00fcbertragene Datenmenge;<\/li>\n\n\n\n<li>Meldung, ob die Daten korrekt \u00fcbertragen wurden;<\/li>\n\n\n\n<li>Erkennungsdaten des verwendeten Browsers und des Betriebssystems;<\/li>\n\n\n\n<li>ggf. die Webseite, von der aus ein Zugriff erfolgt ist.<\/li>\n<\/ul>\n\n\n\n<p><br>Diese Daten werden erhoben und \u00fcbermittelt um:<\/p>\n\n\n\n<ul class=\"wp-block-list\">\n<li>Ihnen unser Internetangebot zug\u00e4nglich zu machen;<\/li>\n\n\n\n<li>die Wartung und Sicherheit der technischen Infrastruktur zu gew\u00e4hrleisten;<\/li>\n\n\n\n<li>im Falle von Cyberangriffen und Missbrauch unseres Angebots Informationen an Strafverfolgungsbeh\u00f6rden zur Verf\u00fcgung zu stellen.<\/li>\n<\/ul>\n\n\n\n<p><br>Die Server log-Dateien werden vorbehaltlich gesetzlicher oder beh\u00f6rdlicher Aufbewahrungspflichten nach Ablauf von 7 Tagen gel\u00f6scht.<br>Rechtsgrundlage f\u00fcr die Erhebung, Speicherung und Nutzung dieser Daten ist unser berechtigtes Interesse, Ihnen Informationen auf unserer Website unbeeintr\u00e4chtigt und mit der erforderlichen Sicherheit zur Verf\u00fcgung zu stellen.<\/p>\n\n\n\n<h4 class=\"wp-block-heading\" id=\"kontakt-mit-uns\">Kontakt mit uns<\/h4>\n\n\n\n<p>Wenn Sie per Formular auf der Website oder per E-Mail Kontakt mit uns aufnehmen, werden Ihre angegebenen Daten zwecks Bearbeitung der Anfrage und f\u00fcr den Fall von Anschlussfragen sechs Monate bei uns gespeichert. Die Datenverarbeitung erfolgt auf der Grundlage Ihrer Einwilligung und unserem berechtigten Interesse zur Beantwortung Ihrer Nachricht mit Ihnen zu kommunizieren.<\/p>\n\n\n\n<h4 class=\"wp-block-heading\" id=\"cookies\">Cookies<\/h4>\n\n\n\n<p>Unsere Website verwendet keine Cookies<\/p>\n\n\n\n<h4 class=\"wp-block-heading\" id=\"web-analyse\"><br>Web-Analyse<\/h4>\n\n\n\n<p>Unsere Website verwendet keine Webanalysedienste<\/p>\n\n\n\n<h4 class=\"wp-block-heading\" id=\"ihre-rechte\">Ihre Rechte<\/h4>\n\n\n\n<p>Ihnen stehen grunds\u00e4tzlich die Rechte auf Auskunft, Berichtigung, L\u00f6schung, Einschr\u00e4nkung, Daten\u00fcbertragbarkeit, Widerruf und Widerspruch zu. Wenn Sie glauben, dass die Verarbeitung Ihrer Daten gegen das Datenschutzrecht verst\u00f6\u00dft oder Ihre datenschutzrechtlichen Anspr\u00fcche sonst in einer Weise verletzt worden sind, k\u00f6nnen Sie sich bei der folgend genannten Aufsichtsbeh\u00f6rde beschweren.<\/p>\n\n\n\n<p>Landesbeauftragter f\u00fcr Datenschutz und Informationsfreiheit Baden-W\u00fcrttemberg<br>Postfach 10 29 32<br>70025 Stuttgart<br>Tel: 0711\/615541-0<br>Fax: 0711\/615541-15<br>E-Mail: poststelle@lfdi.bwl.de<br>Web: <a target=\"_blank\" href=\"https:\/\/www.baden-wuerttemberg.datenschutz.de\" rel=\"noreferrer noopener\">www.baden-wuerttemberg.datenschutz.de<\/a><\/p>\n","protected":false},"excerpt":{"rendered":"<p>Datenschutzerkl\u00e4rung Der Schutz Ihrer pers\u00f6nlichen Daten ist uns ein besonderes Anliegen. Wir verarbeiten Ihre Daten daher ausschlie\u00dflich auf Grundlage der gesetzlichen Bestimmungen (DSGVO, BDSG). In diesen Datenschutzinformationen informieren wir Sie [&hellip;]<\/p>\n","protected":false},"author":1,"featured_media":0,"parent":0,"menu_order":0,"comment_status":"closed","ping_status":"closed","template":"","meta":{"footnotes":""},"class_list":["post-549","page","type-page","status-publish","hentry"],"yoast_head":"<!-- This site is optimized with the Yoast SEO plugin v27.5 - https:\/\/yoast.com\/product\/yoast-seo-wordpress\/ -->\n<title>Datenschutz - Gr\u00fcne Kreistagsfraktion Rhein-Neckar<\/title>\n<meta name=\"robots\" content=\"index, follow, max-snippet:-1, max-image-preview:large, max-video-preview:-1\" \/>\n<link rel=\"canonical\" href=\"https:\/\/gruene-kreistag-rnk.de\/index.php\/datenschutz\/\" \/>\n<meta property=\"og:locale\" content=\"de_DE\" \/>\n<meta property=\"og:type\" content=\"article\" \/>\n<meta property=\"og:title\" content=\"Datenschutz - Gr\u00fcne Kreistagsfraktion Rhein-Neckar\" \/>\n<meta property=\"og:description\" content=\"Datenschutzerkl\u00e4rung Der Schutz Ihrer pers\u00f6nlichen Daten ist uns ein besonderes Anliegen. Wir verarbeiten Ihre Daten daher ausschlie\u00dflich auf Grundlage der gesetzlichen Bestimmungen (DSGVO, BDSG). In diesen Datenschutzinformationen informieren wir Sie [&hellip;]\" \/>\n<meta property=\"og:url\" content=\"https:\/\/gruene-kreistag-rnk.de\/index.php\/datenschutz\/\" \/>\n<meta property=\"og:site_name\" content=\"Gr\u00fcne Kreistagsfraktion Rhein-Neckar\" \/>\n<meta property=\"article:modified_time\" content=\"2026-02-13T20:09:06+00:00\" \/>\n<meta name=\"twitter:card\" content=\"summary_large_image\" \/>\n<meta name=\"twitter:label1\" content=\"Gesch\u00e4tzte Lesezeit\" \/>\n\t<meta name=\"twitter:data1\" content=\"3\u00a0Minuten\" \/>\n<script type=\"application\/ld+json\" class=\"yoast-schema-graph\">{\"@context\":\"https:\\\/\\\/schema.org\",\"@graph\":[{\"@type\":\"WebPage\",\"@id\":\"https:\\\/\\\/gruene-kreistag-rnk.de\\\/index.php\\\/datenschutz\\\/\",\"url\":\"https:\\\/\\\/gruene-kreistag-rnk.de\\\/index.php\\\/datenschutz\\\/\",\"name\":\"Datenschutz - Gr\u00fcne Kreistagsfraktion Rhein-Neckar\",\"isPartOf\":{\"@id\":\"https:\\\/\\\/gruene-kreistag-rnk.de\\\/#website\"},\"datePublished\":\"2022-02-06T16:38:40+00:00\",\"dateModified\":\"2026-02-13T20:09:06+00:00\",\"breadcrumb\":{\"@id\":\"https:\\\/\\\/gruene-kreistag-rnk.de\\\/index.php\\\/datenschutz\\\/#breadcrumb\"},\"inLanguage\":\"de\",\"potentialAction\":[{\"@type\":\"ReadAction\",\"target\":[\"https:\\\/\\\/gruene-kreistag-rnk.de\\\/index.php\\\/datenschutz\\\/\"]}]},{\"@type\":\"BreadcrumbList\",\"@id\":\"https:\\\/\\\/gruene-kreistag-rnk.de\\\/index.php\\\/datenschutz\\\/#breadcrumb\",\"itemListElement\":[{\"@type\":\"ListItem\",\"position\":1,\"name\":\"Startseite\",\"item\":\"https:\\\/\\\/gruene-kreistag-rnk.de\\\/\"},{\"@type\":\"ListItem\",\"position\":2,\"name\":\"Datenschutz\"}]},{\"@type\":\"WebSite\",\"@id\":\"https:\\\/\\\/gruene-kreistag-rnk.de\\\/#website\",\"url\":\"https:\\\/\\\/gruene-kreistag-rnk.de\\\/\",\"name\":\"Gr\u00fcne Kreistagsfraktion Rhein-Neckar\",\"description\":\"\",\"potentialAction\":[{\"@type\":\"SearchAction\",\"target\":{\"@type\":\"EntryPoint\",\"urlTemplate\":\"https:\\\/\\\/gruene-kreistag-rnk.de\\\/?s={search_term_string}\"},\"query-input\":{\"@type\":\"PropertyValueSpecification\",\"valueRequired\":true,\"valueName\":\"search_term_string\"}}],\"inLanguage\":\"de\"}]}<\/script>\n<!-- \/ Yoast SEO plugin. -->","yoast_head_json":{"title":"Datenschutz - Gr\u00fcne Kreistagsfraktion Rhein-Neckar","robots":{"index":"index","follow":"follow","max-snippet":"max-snippet:-1","max-image-preview":"max-image-preview:large","max-video-preview":"max-video-preview:-1"},"canonical":"https:\/\/gruene-kreistag-rnk.de\/index.php\/datenschutz\/","og_locale":"de_DE","og_type":"article","og_title":"Datenschutz - Gr\u00fcne Kreistagsfraktion Rhein-Neckar","og_description":"Datenschutzerkl\u00e4rung Der Schutz Ihrer pers\u00f6nlichen Daten ist uns ein besonderes Anliegen. Wir verarbeiten Ihre Daten daher ausschlie\u00dflich auf Grundlage der gesetzlichen Bestimmungen (DSGVO, BDSG). In diesen Datenschutzinformationen informieren wir Sie [&hellip;]","og_url":"https:\/\/gruene-kreistag-rnk.de\/index.php\/datenschutz\/","og_site_name":"Gr\u00fcne Kreistagsfraktion Rhein-Neckar","article_modified_time":"2026-02-13T20:09:06+00:00","twitter_card":"summary_large_image","twitter_misc":{"Gesch\u00e4tzte Lesezeit":"3\u00a0Minuten"},"schema":{"@context":"https:\/\/schema.org","@graph":[{"@type":"WebPage","@id":"https:\/\/gruene-kreistag-rnk.de\/index.php\/datenschutz\/","url":"https:\/\/gruene-kreistag-rnk.de\/index.php\/datenschutz\/","name":"Datenschutz - Gr\u00fcne Kreistagsfraktion Rhein-Neckar","isPartOf":{"@id":"https:\/\/gruene-kreistag-rnk.de\/#website"},"datePublished":"2022-02-06T16:38:40+00:00","dateModified":"2026-02-13T20:09:06+00:00","breadcrumb":{"@id":"https:\/\/gruene-kreistag-rnk.de\/index.php\/datenschutz\/#breadcrumb"},"inLanguage":"de","potentialAction":[{"@type":"ReadAction","target":["https:\/\/gruene-kreistag-rnk.de\/index.php\/datenschutz\/"]}]},{"@type":"BreadcrumbList","@id":"https:\/\/gruene-kreistag-rnk.de\/index.php\/datenschutz\/#breadcrumb","itemListElement":[{"@type":"ListItem","position":1,"name":"Startseite","item":"https:\/\/gruene-kreistag-rnk.de\/"},{"@type":"ListItem","position":2,"name":"Datenschutz"}]},{"@type":"WebSite","@id":"https:\/\/gruene-kreistag-rnk.de\/#website","url":"https:\/\/gruene-kreistag-rnk.de\/","name":"Gr\u00fcne Kreistagsfraktion Rhein-Neckar","description":"","potentialAction":[{"@type":"SearchAction","target":{"@type":"EntryPoint","urlTemplate":"https:\/\/gruene-kreistag-rnk.de\/?s={search_term_string}"},"query-input":{"@type":"PropertyValueSpecification","valueRequired":true,"valueName":"search_term_string"}}],"inLanguage":"de"}]}},"_links":{"self":[{"href":"https:\/\/gruene-kreistag-rnk.de\/index.php\/wp-json\/wp\/v2\/pages\/549","targetHints":{"allow":["GET"]}}],"collection":[{"href":"https:\/\/gruene-kreistag-rnk.de\/index.php\/wp-json\/wp\/v2\/pages"}],"about":[{"href":"https:\/\/gruene-kreistag-rnk.de\/index.php\/wp-json\/wp\/v2\/types\/page"}],"author":[{"embeddable":true,"href":"https:\/\/gruene-kreistag-rnk.de\/index.php\/wp-json\/wp\/v2\/users\/1"}],"replies":[{"embeddable":true,"href":"https:\/\/gruene-kreistag-rnk.de\/index.php\/wp-json\/wp\/v2\/comments?post=549"}],"version-history":[{"count":4,"href":"https:\/\/gruene-kreistag-rnk.de\/index.php\/wp-json\/wp\/v2\/pages\/549\/revisions"}],"predecessor-version":[{"id":2281,"href":"https:\/\/gruene-kreistag-rnk.de\/index.php\/wp-json\/wp\/v2\/pages\/549\/revisions\/2281"}],"wp:attachment":[{"href":"https:\/\/gruene-kreistag-rnk.de\/index.php\/wp-json\/wp\/v2\/media?parent=549"}],"curies":[{"name":"wp","href":"https:\/\/api.w.org\/{rel}","templated":true}]}}

<h2 class="wp-block-heading" id="datenschutzerklarung">Datenschutzerklärung</h2>



<p>Der Schutz Ihrer persönlichen Daten ist uns ein besonderes Anliegen. Wir verarbeiten Ihre Daten daher ausschließlich auf Grundlage der gesetzlichen Bestimmungen (DSGVO, BDSG). In diesen Datenschutzinformationen informieren wir Sie über die wichtigsten Aspekte der Datenverarbeitung im Rahmen unserer Website. Der Information können Sie auch entnehmen, welche Rechte Sie in puncto Datenschutz haben.</p>



<p>Da durch neue Technologien und die ständige Weiterentwicklung dieser Webseite Änderungen an dieser Datenschutzerklärung vorgenommen werden können, empfehlen wir Ihnen sich die Datenschutzerklärung in regelmäßigen Abständen durchzulesen. Definitionen von verwendeten Begriffen finden Sie in Art. 4 DSGVO.</p>



<h4 class="wp-block-heading" id="verantwortlich">Verantwortlich</h4>



<p>ist der Betreiber der Website.<br>Sie erreichen uns unter folgenden Kontaktdaten:</p>



<p><br>KT-Fraktion Grüne<br>Ralf Frühwirt<br>E-Mail: <a href="#" data-unscramble="ed.triwheurf-flar@noitkarfsgatsierk" target="_blank" rel="noreferrer noopener">kreistagsfraktion@ralf-fruehwirt.de</a><br></p>



<h4 class="wp-block-heading" id="datenloschung-und-speicherung">Datenlöschung und Speicherung</h4>



<p>Ihre personenbezogenen Daten werden gelöscht oder gesperrt, sobald der Zweck der<br>Speicherung entfällt. Eine längere Speicherung kann dann erfolgen, wenn der Löschung eine<br>gesetzliche Aufbewahrungsfrist z.B. aus der Abgabenordnung oder dem HGB entgegensteht.<br>Eine Weitergabe an Dritte erfolgt nicht.</p>



<h4 class="wp-block-heading" id="server-log-dateien">Server log-Dateien</h4>



<p>Durch den Zugriff auf unsere Website werden durch Ihren Internetbrowser Daten übermittelt und in Protokolldateien gespeichert.<br></p>



<p>Folgende Daten werden gespeichert:</p>



<ul class="wp-block-list">
<li>Datum und Uhrzeit des Zugriffs auf eine Website;</li>



<li>IP-Adresse Ihres Gerätes (PC, Tablet, Handy &#8230;);</li>



<li>Name und URL der abgerufenen Datei;</li>



<li>übertragene Datenmenge;</li>



<li>Meldung, ob die Daten korrekt übertragen wurden;</li>



<li>Erkennungsdaten des verwendeten Browsers und des Betriebssystems;</li>



<li>ggf. die Webseite, von der aus ein Zugriff erfolgt ist.</li>
</ul>



<p><br>Diese Daten werden erhoben und übermittelt um:</p>



<ul class="wp-block-list">
<li>Ihnen unser Internetangebot zugänglich zu machen;</li>



<li>die Wartung und Sicherheit der technischen Infrastruktur zu gewährleisten;</li>



<li>im Falle von Cyberangriffen und Missbrauch unseres Angebots Informationen an Strafverfolgungsbehörden zur Verfügung zu stellen.</li>
</ul>



<p><br>Die Server log-Dateien werden vorbehaltlich gesetzlicher oder behördlicher Aufbewahrungspflichten nach Ablauf von 7 Tagen gelöscht.<br>Rechtsgrundlage für die Erhebung, Speicherung und Nutzung dieser Daten ist unser berechtigtes Interesse, Ihnen Informationen auf unserer Website unbeeinträchtigt und mit der erforderlichen Sicherheit zur Verfügung zu stellen.</p>



<h4 class="wp-block-heading" id="kontakt-mit-uns">Kontakt mit uns</h4>



<p>Wenn Sie per Formular auf der Website oder per E-Mail Kontakt mit uns aufnehmen, werden Ihre angegebenen Daten zwecks Bearbeitung der Anfrage und für den Fall von Anschlussfragen sechs Monate bei uns gespeichert. Die Datenverarbeitung erfolgt auf der Grundlage Ihrer Einwilligung und unserem berechtigten Interesse zur Beantwortung Ihrer Nachricht mit Ihnen zu kommunizieren.</p>



<h4 class="wp-block-heading" id="cookies">Cookies</h4>



<p>Unsere Website verwendet keine Cookies</p>



<h4 class="wp-block-heading" id="web-analyse"><br>Web-Analyse</h4>



<p>Unsere Website verwendet keine Webanalysedienste</p>



<h4 class="wp-block-heading" id="ihre-rechte">Ihre Rechte</h4>



<p>Ihnen stehen grundsätzlich die Rechte auf Auskunft, Berichtigung, Löschung, Einschränkung, Datenübertragbarkeit, Widerruf und Widerspruch zu. Wenn Sie glauben, dass die Verarbeitung Ihrer Daten gegen das Datenschutzrecht verstößt oder Ihre datenschutzrechtlichen Ansprüche sonst in einer Weise verletzt worden sind, können Sie sich bei der folgend genannten Aufsichtsbehörde beschweren.</p>



<p>Landesbeauftragter für Datenschutz und Informationsfreiheit Baden-Württemberg<br>Postfach 10 29 32<br>70025 Stuttgart<br>Tel: 0711/615541-0<br>Fax: 0711/615541-15<br>E-Mail: poststelle@lfdi.bwl.de<br>Web: <a target="_blank" href="https://www.baden-wuerttemberg.datenschutz.de" rel="noreferrer noopener">www.baden-wuerttemberg.datenschutz.de</a></p>

<p>Datenschutzerklärung Der Schutz Ihrer persönlichen Daten ist uns ein besonderes Anliegen. Wir verarbeiten Ihre Daten daher ausschließlich auf Grundlage der gesetzlichen Bestimmungen (DSGVO, BDSG). In diesen Datenschutzinformationen informieren wir Sie [&hellip;]</p>

<!-- This site is optimized with the Yoast SEO plugin v27.5 - https://yoast.com/product/yoast-seo-wordpress/ -->
<title>Datenschutz - Grüne Kreistagsfraktion Rhein-Neckar</title>
<meta name="robots" content="index, follow, max-snippet:-1, max-image-preview:large, max-video-preview:-1" />
<link rel="canonical" href="https://gruene-kreistag-rnk.de/index.php/datenschutz/" />
<meta property="og:locale" content="de_DE" />
<meta property="og:type" content="article" />
<meta property="og:title" content="Datenschutz - Grüne Kreistagsfraktion Rhein-Neckar" />
<meta property="og:description" content="Datenschutzerklärung Der Schutz Ihrer persönlichen Daten ist uns ein besonderes Anliegen. Wir verarbeiten Ihre Daten daher ausschließlich auf Grundlage der gesetzlichen Bestimmungen (DSGVO, BDSG). In diesen Datenschutzinformationen informieren wir Sie [&hellip;]" />
<meta property="og:url" content="https://gruene-kreistag-rnk.de/index.php/datenschutz/" />
<meta property="og:site_name" content="Grüne Kreistagsfraktion Rhein-Neckar" />
<meta property="article:modified_time" content="2026-02-13T20:09:06+00:00" />
<meta name="twitter:card" content="summary_large_image" />
<meta name="twitter:label1" content="Geschätzte Lesezeit" />
	<meta name="twitter:data1" content="3 Minuten" />
<script type="application/ld+json" class="yoast-schema-graph">{"@context":"https:\/\/schema.org","@graph":[{"@type":"WebPage","@id":"https:\/\/gruene-kreistag-rnk.de\/index.php\/datenschutz\/","url":"https:\/\/gruene-kreistag-rnk.de\/index.php\/datenschutz\/","name":"Datenschutz - Grüne Kreistagsfraktion Rhein-Neckar","isPartOf":{"@id":"https:\/\/gruene-kreistag-rnk.de\/#website"},"datePublished":"2022-02-06T16:38:40+00:00","dateModified":"2026-02-13T20:09:06+00:00","breadcrumb":{"@id":"https:\/\/gruene-kreistag-rnk.de\/index.php\/datenschutz\/#breadcrumb"},"inLanguage":"de","potentialAction":[{"@type":"ReadAction","target":["https:\/\/gruene-kreistag-rnk.de\/index.php\/datenschutz\/"]}]},{"@type":"BreadcrumbList","@id":"https:\/\/gruene-kreistag-rnk.de\/index.php\/datenschutz\/#breadcrumb","itemListElement":[{"@type":"ListItem","position":1,"name":"Startseite","item":"https:\/\/gruene-kreistag-rnk.de\/"},{"@type":"ListItem","position":2,"name":"Datenschutz"}]},{"@type":"WebSite","@id":"https:\/\/gruene-kreistag-rnk.de\/#website","url":"https:\/\/gruene-kreistag-rnk.de\/","name":"Grüne Kreistagsfraktion Rhein-Neckar","description":"","potentialAction":[{"@type":"SearchAction","target":{"@type":"EntryPoint","urlTemplate":"https:\/\/gruene-kreistag-rnk.de\/?s={search_term_string}"},"query-input":{"@type":"PropertyValueSpecification","valueRequired":true,"valueName":"search_term_string"}}],"inLanguage":"de"}]}</script>
<!-- / Yoast SEO plugin. -->

Datenschutz - Grüne Kreistagsfraktion Rhein-Neckar

Datenschutzerklärung Der Schutz Ihrer persönlichen Daten ist uns ein besonderes Anliegen. Wir verarbeiten Ihre Daten daher ausschließlich auf Grundlage der gesetzlichen Bestimmungen (DSGVO, BDSG). In diesen Datenschutzinformationen informieren wir Sie [&hellip;]

Grüne Kreistagsfraktion Rhein-Neckar
